- 99*z**3 + 2*z**2. What is x(-2)?
-8
Let m be 2/(6*(-10)/(-360)). Let j(a) = -35*a + 430. Let d be j(m). Let o(t) = -t**2 + 7*t + 4. What is o(d)?
-26
Suppose 96*m = -114*m - 2100. Let w(y) = -y**3 - 8*y**2 + 12*y - 4. What is w(m)?
76
Let b(j) = -j**3 - 5*j**2 + 20*j + 1. Let m(p) = -p**3 + 23*p**2 + 40*p + 242. Let r be m(25). Determine b(r).
33
Let n(m) = m**3 + 14*m**2 - 22*m - 118. Suppose 0 = -98*x - 2710 + 1240. Determine n(x).
-13
Let n = -206 - -221. Let f(o) = -n*o**2 + 3*o**2 - 16*o**3 + 17*o**3 + 93 + 12*o - 103. Give f(11).
1
Let s = 18 - -1. Let k = s - 9. Let y be 3*16/(-18)*(-15)/k. Let i(p) = -p + 3. Calculate i(y).
-1
Let n(a) be the third derivative of a - 3/8*a**4 + 0 - 11*a**2 + 1/60*a**5 + 1/6*a**3. Determine n(6).
-17
Let r(m) be the third derivative of m**6/120 - m**5/12 - 5*m**4/24 - 5*m**3/3 + m**2 - 1063. Determine r(6).
-4
Let p(v) = -v**2 + 4*v + 1. Let d be (-6 - (-5 + -7))/(3/2). Let b be (1 - 54/(-10)) + d/(-10). Give p(b).
-11
Let v(n) = 3*n**2 + 151 - 59 - n - 91 - 4*n**2. Let k = -2 + 7. Suppose 2*u + k*m = -2*u - 16, 2*u = -m - 2. What is v(u)?
-1
Let t(z) = 5*z**3 + 4*z**2 - 3*z + 3. Let i(h) = -4*h**3 - 4*h**2 + 3*h - 3. Let r(u) = -6*i(u) - 5*t(u). Suppose 4657 = 2*m + 4651. Give r(m).
3
Let g(o) be the second derivative of 5*o**3/6 - 37*o**2/2 + 432*o. Calculate g(5).
-12
Let o(h) = 2*h**2 - 381*h - 2330. Let s be o(-6). Let a(m) = -16*m + 445. Calculate a(s).
-3
Let d(k) = -183*k - 2563. Let y be d(-14). Let r(b) = 8*b**2 + 4*b + 3. Calculate r(y).
7
Let w(t) = -7 - 2 + 15 + 5*t - t**2 + 0 - 3. Let c be (-200)/(-35) + (-2)/(-7). Calculate w(c).
-3
Let u(j) = 30*j - 514. Let k(h) = -h**3 - 20*h**2 + 24*h + 497. Let n be k(-20). Give u(n).
-4
Suppose 2*j = -3*n - 19 - 2, -4*n + 2*j - 42 = 0. Let c(x) = -7*x - 4. Let f(h) = -5*h - 4. Let b(u) = -2*c(u) + 3*f(u). Give b(n).
5
Suppose 3*q + 68 = -4*b + 41, 0 = -3*q + 9. Let i(a) = -a**2 - 3*a + 2. Calculate i(b).
-52
Suppose 3*m - 5*g - 15 - 15 = 0, -4*g - 37 = -5*m. Suppose 3*d = 5*s, -3*s = -2*d + 6*d - 29. Let a(k) = 2 + 157*k - 3 - 5*k**2 - 155*k + k**s. Calculate a(m).
9
Suppose -3*i = 538 - 544. Let d(k) be the second derivative of 0 - 5*k - 4/3*k**3 - 1/2*k**i. What is d(-1)?
7
Let m(q) = -10*q - 6. Let v(p) = 9*p + 7. Let a(c) = 5*m(c) + 6*v(c). Suppose 0 = -5*g - 38*f + 33*f - 40, 0 = -3*g + 3*f - 6. Calculate a(g).
-8
Let o be 1 + (-4 - -7) - -2. Let q(y) = 13*y + 21. Let s(w) = 7*w + 1. Let d(m) = -q(m) + 2*s(m). Calculate d(o).
-13
Suppose 22233 = 16*y + 21913. Let x(o) = -2*o**2 + 41*o + 21. Determine x(y).
41
Suppose 5*g = -2*i + 15, -3*i + 2*g = -5*i + 12. Let d = -1493 + 1498. Suppose -i*j = -j + 2*u, d*j = -4*u. Let y(c) = c**2 + 21. Calculate y(j).
21
Let z(n) be the third derivative of 5*n**4/8 - n**3/6 + 1796*n**2. Calculate z(1).
14
Let b be 0 - (-68)/85*(-30)/(-4). Let a(h) = 28*h + 38. Let x(g) = -5*g - 1. Let t(n) = b*x(n) + a(n). What is t(17)?
-2
Let g(x) = 10 - 3*x + 0*x + 5*x - 5*x + 2*x. Suppose -4*v + 18 = 2, 3*t - 5*v = 10. Determine g(t).
0
Let s(m) be the first derivative of -m**4/4 + m**3 + 11*m**2/2 - 3*m - 2972. Suppose q + 0*c = -4*c + 5, -3*q = -4*c - 15. What is s(q)?
2
Let m(v) = 80*v + 954. Let h be m(-12). Let g(f) be the third derivative of -7/6*f**3 + 0 + 1/4*f**4 - 1/12*f**5 + f**2 + 0*f - 1/120*f**6. Calculate g(h).
-7
Suppose -45 = 2*g - 7*g. Let u(v) = -17*v + v + v**2 + 6*v + 3*v + 707 - 718. Determine u(g).
7
Let s(q) be the first derivative of -2*q**3/3 - 9*q**2 + 20*q - 8876. Give s(-7).
48
Let t(a) = a**3 + 5*a**2 + 2*a + 7. Let i(g) = g**2 - 3*g - 8. Let u be i(5). Suppose -5*w = -5*h - 15, w = -h - u*w - 11. Determine t(h).
-3
Let k(z) = 21 + 3 + 6*z - 39. Calculate k(4).
9
Let i(d) = 8*d + 34. Let y(n) = -352*n - 2117. Let g be y(-6). Determine i(g).
-6
Let z(f) = 2*f**2 - 23*f - 80. Let h be z(-3). Let s(g) = -g**2. Let w(k) = 4*k**2 + 8*k - 6. Let l(d) = 5*s(d) + w(d). Determine l(h).
1
Suppose 31 = 6*x - 5. Let j be -1*(-2)/x*-24. Let d(y) = y - 7*y - y**2 + 0 + 1. Calculate d(j).
-15
Let q(g) = g**3 - 6*g**2 - 6*g - 1. Let v = 532 + -526. Give q(v).
-37
Let f(g) = 7*g + 4. Let n(m) = 6*m + 3. Let v(a) = 5*f(a) - 6*n(a). Let c(u) = u**2 - 35*u - 109. Let r be c(38). Determine v(r).
-3
Let w(j) = -j**3 - 6*j**2 + 7*j - 10. Let u(q) = -3*q + 116. Suppose -22*i + 29*i = 287. Let s be u(i). Determine w(s).
-10
Let h = -201 - -246. Let x be 65/25 - (-18)/h. Let y(b) = -b**2 - b + 6. Determine y(x).
-6
Suppose 14*q + 4 = 46. Let p(u) = -1 - 2*u + 181*u**3 - 2*u**2 + u + 181*u**3 - 361*u**3. Calculate p(q).
5
Suppose -3*v = -m - 2 + 3, 5*v - 3*m + 7 = 0. Let d be (5 + 1 - (17 - 15))*v. Let c(o) = -o + 8. Determine c(d).
4
Let m(d) = 2*d**2 - d**2 + 5 - 11*d + 0 - 8. Let z = 7607 - 7596. Give m(z).
-3
Let j(f) be the first derivative of f**4/4 - 5*f**3/3 + f**2 + 9*f + 423. Let a = 544 + -540. What is j(a)?
1
Let j(r) = -r**3 - 6*r**2 - 2*r + 7. Suppose -35*b + 31 - 136 = 0. What is j(b)?
-14
Let t(k) = -k**2 - 8*k. Let w(u) = 16*u**2 + 91*u - 3. Let d(y) = -4*t(y) - w(y). Calculate d(-5).
-2
Let y(o) be the first derivative of -o**4/4 + 8*o**3/3 + o**2/2 + 9*o - 1262. Let c = -22 - -16. Let d be (-4)/6 - 52/c. Determine y(d).
17
Let b be (-36)/(-11 + 5) + -3. Suppose 2*w = -4*p - 7 + 1, -3*p = b*w + 6. Let l(c) = -3*c**2 + 4*c**2 + 2*c**2. Give l(w).
3
Let p = 6854 + -6855. Let j(q) = -6*q**3 - 2*q**2 - 3*q - 2. Give j(p).
5
Let k(n) be the first derivative of n**5/10 - n**4/4 - n**3/3 - 31*n - 13. Let v(m) be the first derivative of k(m). What is v(-2)?
-24
Suppose -306*k = -314*k - 5*n - 77, -5*k + 3*n = 42. Let t(o) = o**2 - 1. Let z(j) = -3*j**2 + 11*j + 12. Let c(p) = 4*t(p) + z(p). Calculate c(k).
-10
Let k(o) = -7*o**3 - 10*o**2 + 3*o - 7. Let v(w) = 9 + 20*w**3 + 11 - 10*w - 5*w**2 - 3*w**2 + 44*w**2 - 8*w**2. Let f(x) = -17*k(x) - 6*v(x). Calculate f(4).
3
Let m = -1174 - -1703. Let r = 536 - m. Let z(v) = v**2 - 5*v - 17. Calculate z(r).
-3
Let q = 546 - 545. Let y(m) = -93*m - 2. Determine y(q).
-95
Let l(m) be the third derivative of 7*m**6/720 - 7*m**5/120 - 49*m**4/6 + 191*m**2 - m. Let o(y) be the second derivative of l(y). Determine o(6).
35
Let n = 12008 + -12009. Let a(g) = 10*g**2 - 6*g - 7. What is a(n)?
9
Let g(a) = -2*a**2 + 29*a - 66. Let t be g(3). Let b(i) = 2*i + 1. Calculate b(t).
7
Let r(j) be the third derivative of 0 + 9*j**2 - 7/24*j**4 - 1/2*j**3 + 0*j. Let q(n) = 6*n + 3. Let a(s) = 6*q(s) + 5*r(s). Calculate a(-3).
0
Let f(y) = -y**3 - 4*y**2 + 4*y - 11. Suppose -207*r + 103*r - 55 = -93*r. Calculate f(r).
-6
Let v(c) = -c**2 - 2*c - 2. Suppose -10*d = -14*d - 8. Let m be (-3 - 1)*(1 + d)*-13. Let p = m - -49. Give v(p).
-5
Let t = -221 - -132. Let c = 88 + t. Let s(a) be the third derivative of a**5/4 + a**4/12 + a**3/6 + 4*a**2. Give s(c).
14
Let o(w) = -410*w + 223*w + 3 + 2*w**2 + 198*w. Determine o(-8).
43
Let f(s) = -6*s + 32. Suppose -2*g + 2*j = -2, -j - 14 = -5*g - 5*j. Let b(n) = g*n + 0*n - 29 + 51 - 32. Let l(u) = 16*b(u) + 5*f(u). Give l(-3).
-6
Let y(z) = -22*z**2 + 57*z**2 + 3 - 8*z - 36*z**2. Suppose 2*j - 175 = 5*q, 5*q = -0*j + j - 170. Let u = q - -25. What is y(u)?
3
Let y(b) = 5*b - 1. Let k be y(1). Suppose 4*w + 31 = 5*m, -5*m - 18 + 13 = 5*w. Suppose -j = m*a - 8, -2*a = -k*j + j + 13. Let g(o) = 5*o - 1. Calculate g(a).
4
Let c(m) = -3*m - 5. Let w = -6121 - -6119. What is c(w)?
1
Let l be 5 + (-168)/30 + 12/20. Let m be (4/6)/((-6)/(-45)). Suppose l = 2*i - m*i + 9. Let u(s) = s**3 - 2*s**2 - 3*s. Calculate u(i).
0
Let u be (0/((-238)/17))/(-1). Let v(m) = 12*m. Determine v(u).
0
Let i(d) = d**2 - d - 91. Let h(c) = -c**3 + 78*c**2 - 74*c - 240. Let x be h(77). Determine i(x).
-1
Let r(z) be the third derivative of -z**4/24 - 4*z**3/3 + 498*z**2. Calculate r(14).
-22
Let h(v) be the second derivative of -v**5/20 - 23*v**4/12 + 25*v**3/6 + 19*v**2/2 + 1247*v. What is h(-24)?
-5
Let x(r) be the first derivative of 4/3*r**3 + 2*r**2 + 53 + 1/2*r**4 + r. What is x(-3)?
-29
Let q(x) = -x**2 + 19*x - 74. Let t be 28/5 - ((-8)/14)/(140/98). Calculate q(t).
4
Let m(y) = -2*y**3 - 3*y**2 + 4. Let u(q) = 4*q + 66. Let j(g) = 10*g + 134. Let s(x) = -4*j(x) + 7*u(x). Let b be s(-6). Determine m(b).
8
Let v(y) be the third derivative of -y**4/6 - 7*y**3/6